- (11 + k)) + 10. Calculate the remainder when t(i) is divided by 42.
39
Let y be 0/1 + 0 + 6. Suppose 78 = -3*n + y*n + r, -r = 5*n - 128. What is the remainder when 97 is divided by n?
22
Suppose 5*s + 636 = 6. Let r = s - -285. Suppose 4*p = g + r, -2*p + p = 2*g - 42. What is the remainder when p is divided by 14?
12
Calculate the remainder when 306 is divided by -3 + 8 - (-85 - -12).
72
Let o = -478 + 483. Let d(a) = 7*a - 4 - 3*a**2 + a**3 + 0*a**3 + 2. What is the remainder when d(o) is divided by 17?
15
Let h(c) = -c**3 - 22*c**2 - 83*c + 75. Calculate the remainder when 121 is divided by h(-17).
39
Suppose 0 = -o + 1, a - 3*o - o - 6 = 0. Let c = -24 + 17. Let g = a + c. Calculate the remainder when 12 is divided by g.
0
Let f(l) = -6*l**2 - 41*l - 12. Calculate the remainder when 4/(48/69)*12 is divided by f(-6).
15
Let v(q) = q**2 - 2*q + 3. Suppose 780 = -0*m + 10*m. What is the remainder when m is divided by v(6)?
24
Suppose 2*l + 9 = 3. Let h be 3*(l + (-13)/(-3)). Suppose 0*o = -o + h. What is the remainder when 11 is divided by o?
3
Suppose 3*b = 5*s - 0*b - 18, -8 = -3*s - b. Let h(o) = 2*o + 33. Calculate the remainder when h(-11) is divided by (s + (-15)/6)*14.
4
Let r be 8 - -6 - 4/((-4)/(-3)). Let f(g) = -13 - 7*g + 0*g**2 + g**2 + 2. Calculate the remainder when f(r) is divided by 12.
9
Let w = -37 - -164. Suppose -5*o + 517 - w = 0. Calculate the remainder when o is divided by 20.
18
Let d(o) = -o**3 + 11*o**2 - 26*o + 16. What is the remainder when d(7) is divided by 26?
4
Let m = 588 - 498. What is the remainder when m is divided by 19?
14
Let q(s) = 49*s**2 + 2*s - 70. What is the remainder when q(7) is divided by 17?
16
Let r be ((-651)/(-15) - -1) + 12/20. Let p = r + -1. Calculate the remainder when p is divided by 2/3 - 43/(-3).
14
Let t = 3 + 9. Let g be (-14)/(-20)*t*50. What is the remainder when 37 is divided by ((-2)/(-6))/(14/g)?
7
Suppose -2*m - 79 = -2*j - 221, -2*m = -3*j - 142. Let s(l) = 2*l - 2. Calculate the remainder when m is divided by s(5).
7
Let a = 46 - 38. Calculate the remainder when a is divided by 5.
3
Suppose 63*p - 360 = 57*p. Calculate the remainder when 228 is divided by p.
48
Let g(t) = t**3 - 41*t**2 - 29*t - 350. What is the remainder when g(42) is divided by 102?
94
Let x = 1184 + -1018. Calculate the remainder when x is divided by 59.
48
Suppose c = -w + 13, -38 = -5*c + 10*w - 6*w. Calculate the remainder when 329 is divided by c.
9
Let t = 87 + -69. Suppose z - t + 5 = 0. What is the remainder when 16 is divided by z?
3
Suppose -7 + 160 = 9*n. What is the remainder when 62 is divided by n?
11
Let u = -94 - -52. Let t = u - -58. What is the remainder when t is divided by 9?
7
Let p(i) = -2*i**3 + 6*i + 4. Let b be p(-2). Calculate the remainder when 28 is divided by (-56)/(-9) - b/36.
4
Let k = -49 - -89. What is the remainder when k is divided by 2*(-21)/(-1 - 2)?
12
Let v(l) = -13*l**2 - 36*l - 6. Let p(k) = k**2 - k + 10. What is the remainder when p(-7) is divided by v(-2)?
10
Suppose 0 = 117*i - 123*i + 144. What is the remainder when 167 is divided by i?
23
Let b = -30 + 32. Suppose 0 = 2*s - 10 - b. What is the remainder when 9 is divided by s?
3
Let d = 457 + -423. Calculate the remainder when d is divided by 7.
6
Let d = 2667 + -2594. Calculate the remainder when d is divided by 5.
3
Let o(w) = -3*w**2 + 24*w + 35. Calculate the remainder when 65 is divided by o(8).
30
Let b(j) = -j**3 - 9*j**2 - 8*j + 8. Suppose 38*t = 28*t + 310. Calculate the remainder when t is divided by b(-8).
7
Let m(f) = 6*f**3 - 36*f**2 + 3*f - 2. What is the remainder when 62 is divided by m(6)?
14
Suppose -5*n + 127 = -3. Let y = -2 - -2. Suppose y = 4*u + u - 380. What is the remainder when u is divided by n?
24
Let v(o) = 23*o - 473. Calculate the remainder when 348 is divided by v(28).
6
Let v(a) = -a**2 + 17*a + 4*a**3 + 0*a**2 + 1 - 12*a - 5*a**3. What is the remainder when v(-4) is divided by 5?
4
Suppose 144 = 4*r - 4*x, 27*r = 28*r + 5*x - 18. Calculate the remainder when 190 is divided by r.
25
Let r = -64 - -110. Let t = -33 - -35. Suppose 9*k - t*k - 168 = 0. What is the remainder when r is divided by k?
22
Suppose 200 = -24*u + 1544. What is the remainder when 190 is divided by u?
22
Let i = 26 + -15. What is the remainder when -7 + i - -23*1 is divided by 8?
3
Let j = 219 - 178. What is the remainder when 139 is divided by j?
16
Suppose 0 = -3*m - 9, -4*m - 110 = -2*f + 22. What is the remainder when 238 is divided by f?
58
Let b(s) = -5*s + 3 + 5*s + s. Calculate the remainder when 25 is divided by b(1).
1
Suppose -7*o + 1 = -6*o, b - 4*o = 243. What is the remainder when b is divided by 25?
22
Suppose -580 = -83*y + 54*y. What is the remainder when 77 is divided by y?
17
Suppose 0 = -5*v - 24*f + 22*f + 150, -4*v - 5*f + 103 = 0. Suppose 0 = -4*n - n + 955. What is the remainder when n is divided by v?
31
Let v = -44 + 116. Let o = 146 - v. What is the remainder when o is divided by 39?
35
Let m(r) = r + 20. What is the remainder when 615 is divided by m(-6)?
13
Let r be 21585/120 - 2/(-16). Let j = r - 166. What is the remainder when j is divided by (4*-2)/(-3 + 2)?
6
Let w(a) = -24*a + 7. Let u be w(-5). Suppose 0 = -3*c - 4*s + u, -c + 4*s - 29 = -2*c. Calculate the remainder when c is divided by 17.
15
Suppose -3*k + 1 + 15 = -4*n, -3*k + 13 = -n. Suppose -3*f - 22 = -k*f. Let m = -48 - -56. Calculate the remainder when f is divided by m.
6
Let i = -237 + 245. What is the remainder when 87 is divided by i?
7
Suppose 4*p - 6 = 10. Let x = 62 + -9. Calculate the remainder when x is divided by ((-9)/((-36)/8))/(p/54).
26
Suppose 3*h - 5*u = 820, 154 - 980 = -3*h - u. What is the remainder when h is divided by 80?
35
Suppose y + 2*r = 3*r - 3, 4*r = -12. Let u = 35 + y. Calculate the remainder when u is divided by 15.
14
Let r(h) = 3*h**2 + 2*h + 1. Let m = -676 + 740. What is the remainder when m is divided by r(-3)?
20
Let b = 9 - 4. Calculate the remainder when 42 is divided by 132/((-15)/b)*2/(-4).
20
Suppose -3*b = -409 + 160. Let c(s) = -s**2 - 65*s + 1113. What is the remainder when b is divided by c(14)?
6
Let f = 103 - 101. What is the remainder when 13 is divided by 3/5 + (f - 27/(-5))?
5
Let f = -42 - -46. Suppose -265 = -3*r - f*p - 42, 2*r + 4*p = 146. Calculate the remainder when r is divided by 26.
25
Suppose -u - 84 + 82 = 0. Let f(t) = 32*t**2 + t + 4. What is the remainder when f(u) is divided by 22?
20
Let s(h) = 2*h**2 - 36*h + 174. Calculate the remainder when 175 is divided by s(10).
7
Suppose 3*m - 4*k = m - 64, -m + 3*k - 33 = 0. Let c = m - -53. What is the remainder when 45 is divided by c?
22
Let i(r) = 3*r**2 - 3*r - 2. Let n = -10 + 9. Calculate the remainder when (0 + -14)*(-2)/4 is divided by i(n).
3
What is the remainder when 2/(-4)*(-18 - 428) is divided by 23?
16
Let b(f) = -2*f**3 - 17*f**2 - 11*f - 13. Let z be b(-8). Suppose 464 = z*x - 3*x. Calculate the remainder when x is divided by 12.
10
Suppose 28*d + 930 = 58*d. Calculate the remainder when d is divided by 18.
13
Let z = -40 + 41. What is the remainder when 45 is divided by (1 - 4 - z)*-3?
9
Suppose -142*t = 3*h - 138*t - 157, 0 = -4*h + 2*t + 180. Let r = -10 + 35. Calculate the remainder when h is divided by r.
22
Suppose 2*f = 10, 5*f = -4*h + 230 + 303. Let n(x) = 9*x + 5. Calculate the remainder when h is divided by n(3).
31
Suppose -3*f + 138 = -3*u, 18*u - 184 = -4*f + 14*u. Calculate the remainder when 189 is divided by f.
5
Let t(q) = q**3 - 15*q**2 - 10*q - 64. What is the remainder when 223 is divided by t(16)?
31
Let k be 3/(44/(-32) + 1). Let c(x) = -2*x + 5. What is the remainder when 82 is divided by c(k)?
19
Let t = -350 - -390. What is the remainder when 277 is divided by t?
37
Suppose -1079 - 761 = -16*r. What is the remainder when r is divided by 69?
46
Let u(s) = -2*s. Let j be (-2)/8 - (-616)/32. Suppose -j + 139 = 8*k. What is the remainder when k is divided by u(-2)?
3
Suppose 2*o = 6, 0 = -16*z + 14*z + 2*o + 1574. What is the remainder when z is divided by 61?
58
Let d = 1490 - 1337. What is the remainder when d is divided by 26?
23
Suppose -v + 2 + 3 = 0. Suppose -27 - 98 = -v*d. What is the remainder when 46 is divided by d?
21
Let h(o) = o**2 + 9*o - 20. 